 y. What are the prime factors of k?
5
Let x be (-1)/((-1)/(-378)*2). What are the prime factors of (-3)/(-12) - x/12?
2
Let r be 1*(3 - 8)/(-1). Suppose 7*p - 12 = r*p. What are the prime factors of p?
2, 3
Let g be ((-2)/3)/(3/(-9)). What are the prime factors of (-1)/(g/(0 - 22))?
11
Let t(b) = -b. Let w be t(2). What are the prime factors of -2*(-3)/w - -10?
7
Suppose 5*z - 34 = -3*d + 3, -2*z - 6 = -4*d. Let h = d + -2. What are the prime factors of (-1)/h + 45/6?
7
Let m be (3 + 4/(-2))*7. Suppose 2*g = -1 + m. Suppose -17 = -c + g*y, 2*c + y = 2*y + 34. What are the prime factors of c?
17
Suppose 3*q = -0*q. Suppose -2*p = -q*p - 16. Suppose -2*r = -5*a - 11, r - p = 2*a - 2. What are the prime factors of r?
2
Let r(z) = z**3 - 6*z**2 + 9*z - 2. What are the prime factors of r(6)?
2, 13
Let v(r) = 6*r + 5. What are the prime factors of v(7)?
47
Let i(y) = -y**3 + 7*y**2 + 9*y - 4. Suppose 3*v = -5 + 29. Let a be i(v). Suppose 10 - 58 = -a*h. List the prime factors of h.
2, 3
Suppose -55 - 17 = -4*b. List the prime factors of b.
2, 3
Suppose 4*f - 5*w = -11 + 26, 0 = 4*f + 5*w + 15. Suppose -8 = 2*j - 20. Suppose f = -a + j. What are the prime factors of a?
2, 3
Let f = -2 - -1. Let n be -1 - (3 - (f + 1)). What are the prime factors of n/3*6/(-4)?
2
Let c(g) = g**3 + 8*g**2 + 7*g + 6. Let b be (0 - 7)*6/6. Let j be c(b). Let i = 14 - j. List the prime factors of i.
2
Let n(l) = -3*l + 4. Let b be n(9). Let u(s) = -s**2 - 2*s + 4. Let f be u(-5). Let h = f - b. List the prime factors of h.
2, 3
Let h be (2 - 2) + -1 - 1. What are the prime factors of h/(-4)*0 - -7?
7
Suppose -p + 3*h - 1 - 6 = 0, 3*h = -2*p + 13. Let k = 0 + 6. Suppose 3*l = 3*i + k, 2*l - 8 = -0*l - p*i. List the prime factors of l.
3
Let r = -50 - -75. What are the prime factors of r?
5
Let l(t) = t**2 - 4*t + 27. List the prime factors of l(8).
59
Suppose g - 8 = -3. Suppose f + 12 = g*f. List the prime factors of f.
3
Let x(v) = -31*v + 2. List the prime factors of x(-1).
3, 11
Let d(m) = 2*m**2 - 2*m. Let n(s) = -s - 11. Let z be n(-9). List the prime factors of d(z).
2, 3
Suppose 5*y - y = 48. Let g be 1/4 - 3/y. Suppose 0*x - 6 = -2*x, -2*l - 3*x + 29 = g. What are the prime factors of l?
2, 5
Let u = 1 - 12. Let v(t) = 11*t**2 + t**3 + 0*t**3 + 2 + 10. What are the prime factors of v(u)?
2, 3
Let j = 174 - 88. What are the prime factors of j?
2, 43
Let z be 52/(-6) + 6/9. Let c(m) be the third derivative of -m**6/120 - 3*m**5/20 - 5*m**4/12 - 2*m**3 - m**2. What are the prime factors of c(z)?
2
Suppose -5*z + 18 = -202. Suppose -q - 3*q = -z. What are the prime factors of q?
11
Suppose -13 = -k - 8. Suppose 195 = k*a - s - 2*s, a + 3*s = 21. List the prime factors of a.
2, 3
Suppose 0 = -5*m - 25, 257 = 4*u - 0*u + 3*m. List the prime factors of u.
2, 17
Suppose z + 2*z - 120 = -4*j, 123 = 5*j - 3*z. What are the prime factors of j?
3
Let f = -23 + -23. What are the prime factors of (f/(-4))/(2/4)?
23
Suppose -2*q + 386 = -124. List the prime factors of q.
3, 5, 17
Suppose 0 = l + 4*q - 16, 0 = -4*l - 0*q + 3*q - 12. Let a be l - 0 - (-2)/1. Suppose c - 8 = -0*c - a*o, -2*c + 16 = 2*o. What are the prime factors of c?
2
Suppose -4*y + 308 = -2*y. List the prime factors of y.
2, 7, 11
Suppose 42 = 5*c - 18. What are the prime factors of c?
2, 3
Let k(h) = -h**3 + 4*h**2 - 2*h. Let l be k(4). Let q = -3 - l. What are the prime factors of q?
5
Let j(m) be the first derivative of -m**3/3 + 3*m**2 + 3*m + 3. List the prime factors of j(5).
2
Suppose -4*q - 5*f - 18 = -69, 2*f = 2*q - 12. Suppose q + 21 = 5*v. List the prime factors of (v/5)/(2/10).
2, 3
Let v be 3/(9/(-12)) - -8. Suppose v*m - 40 - 8 = 0. What are the prime factors of m?
2, 3
Suppose 5*v = -d - 31, -d + 7 = -v - 2*d. Let h(z) = 2*z + 8*z - 12*z. List the prime factors of h(v).
2, 3
Let x be (-1)/((4/168)/(-1)). Suppose k = 2*j - 70, -2*j - 3*k + 44 = -x. What are the prime factors of j?
37
Suppose -c - 37 = -79. What are the prime factors of c?
2, 3, 7
Suppose -3*b - 4*v = -22, -5*b + 3*v = 2 - 0. Let y(g) = 3 - b*g + 2 + g. List the prime factors of y(-5).
2, 5
Let m(w) = 2*w**2 + 3*w + 3. Let r be m(-2). Suppose -2*b + 18 = -2*d - 2*d, 0 = -r*b - 3*d + 6. List the prime factors of b.
3
Suppose -3*c = 2*g + 8, 2*g + 1 - 13 = 2*c. Suppose -t + 4*n = -g, -3*t + n = -2*n - 6. List the prime factors of t.
2
Suppose -3*m = 3*m - 252. List the prime factors of m.
2, 3, 7
Suppose y = w - 8, 3*w - 15 = -2*y + 4*y. Let b = y - -16. What are the prime factors of b?
7
Let y(j) = 0*j + 6*j - 5 + 4*j**2 - 5*j**2. Let b be y(5). Let r = 7 - b. List the prime factors of r.
7
Let n(d) = 3*d**3 + 3*d**2 + 2. What are the prime factors of n(4)?
2, 11
Suppose 5*j + 35 = x, 4*j + 6 - 23 = -x. Let p be (-15)/(-20)*2*-12. Let q = x + p. What are the prime factors of q?
7
Let l(f) = 3*f**2 + 2*f - 5. List the prime factors of l(-4).
5, 7
Suppose -3*z + 10 = 40. Let m(j) = -j**3 - 11*j**2 - 8*j + 10. Let l be m(z). What are the prime factors of (l + -1)/((-1)/1)?
11
Let k(r) = r**2 - 8*r - 6. Let s be k(7). Let a = 5 + s. Let n = a + 18. List the prime factors of n.
2, 5
Suppose -5*w + g + g + 8 = 0, -4*w + 12 = -3*g. Suppose -13 = -x + u, -x - 3*u = -w*u - 5. List the prime factors of x.
11
Let x(y) = y**3 + 11*y**2 + 12. Let p be x(-11). Let w = p - 9. What are the prime factors of w?
3
What are the prime factors of 156/9 - (-8)/(-6)?
2
Let z be (-2)/4 + 2/4. Suppose -3*i + 17 = -1. Suppose z = -2*l + i, 0*l - 5*l - 3 = -3*h. List the prime factors of h.
2, 3
Let w = 24 - 34. Let u = 0 - w. List the prime factors of (-46)/(-10) + 4/u.
5
Let a(r) = 2*r**2 - 3*r - 2. Suppose 6*h = 4*h. Suppose 5*b + 5*l = 30, -5*b + 3*l + 6 = -h. What are the prime factors of a(b)?
7
Suppose 17 + 33 = 5*z. Let f = 18 - z. Suppose f + 13 = 3*v. List the prime factors of v.
7
Suppose 0*u + 4*u = -36. Let r be (2/6)/((-1)/u). Let b = r - -9. List the prime factors of b.
2, 3
Suppose 0 = -2*x - 4*p + 84, 3*x - 3*p - 223 = -x. What are the prime factors of x?
2, 13
Let p(a) = -a**3 - 4*a**2 - a - 1. Let u be p(-4). Suppose u*s - 20 = -2*s. What are the prime factors of s?
2
Suppose 24 = 4*r + 8. Let k(s) = -2*s**2 + 6*s. Let j be k(r). Let h = 18 + j. List the prime factors of h.
2, 5
What are the prime factors of -2 - (138/(-2) + 0 + -2)?
3, 23
Suppose 2*u = c - 19, c - 4*u - 63 = -2*c. Let x = c - 17. What are the prime factors of x?
2
Let u(w) = w + 12. Let i be u(-9). Suppose -2*p = -2*j - 4, -4 - 6 = -i*p - j. What are the prime factors of p*7*(-4)/(-6)?
2, 7
Let l be 10/(-3)*12/(-10). Let g(b) = -b**3 + 5*b**2 - 4*b + 3. Let m be g(l). List the prime factors of m/(-12) + 25/4.
2, 3
Let k be (3/(-9))/((-3)/36). Suppose 4*a - 5*m = 24 + 72, 0 = 5*a - 5*m - 120. Suppose 0*b + a = k*b. What are the prime factors of b?
2, 3
Let h be (-4)/(-3)*6/4. Let p(g) = g**3 - g. List the prime factors of p(h).
2, 3
Suppose 3*v - 5 + 0 = 5*x, -36 = 4*v + 4*x. List the prime factors of 2/v + (-111)/(-15).
7
Suppose 439 = 3*g - q, 3*g - 541 = 3*q - 100. Suppose -5*m + g = -69. What are the prime factors of m?
43
Suppose 0 = 5*q - 10*q + 10. Let o be 4/6 - 63/(-27). What are the prime factors of 1*6/o*q?
2
Let b(d) = -5*d + 8. Let n(f) = -1. Let j(w) = -b(w) - 5*n(w). Suppose 6 + 0 = 2*u. List the prime factors of j(u).
2, 3
Let u be 4 + -3*2/(-6). Suppose 0*c + u*c = 30. What are the prime factors of c?
2, 3
List the prime factors of 5/2*(-648)/(-60).
3
Let i be -4 - ((-4)/(-1))/2. Let w(p) = -p + 2. Let k be w(i). What are the prime factors of 15 - k - 1*-1?
2
Let k = 0 + 2. Let n(t) = 3 + 4*t - 2*t + t**k + 4*t. List the prime factors of n(-6).
3
Suppose 4*u + 0 = 12, 5*x - 1668 = 4*u. List the prime factors of x.
2, 3, 7
Suppose -l - 236 = -5*l. List the prime factors of l.
59
Let m be -1 - 1 - (-3 + 2). Let b be (-2*(-2)/4)/m. List the prime factors of (0 + 6)*b/(-2).
3
Suppose 4*d + d - 135 = 0. Let s(o) = o**3 - 14*o**2 - 12*o - 35. Let r be s(15). Let p = d - r. List the prime factors of p.
17
Suppose -5*h + 35 = 2*h. What are the prime factors of h?
5
Let v(q) = 22*q**2 - 2*q - 3. List the prime factors of v(2).
3
Let o = 3 - 12. Let x(m) be the third derivative of -m**4/24 - m**3/2 - m**2. What are the prime factors of x(o)?
2, 3
Suppose -9 = -